umber?
False
Is 46327 a composite number?
False
Is 293 a prime number?
True
Is 94709 prime?
True
Is 531317 a prime number?
False
Is 1045417 composite?
True
Is 1163 composite?
False
Is 30631 a composite number?
False
Is 18293 composite?
True
Is 98561 a prime number?
True
Is 674893 a composite number?
True
Is 17047 a composite number?
False
Is 37691 a prime number?
True
Is 146339 composite?
True
Is 259279 a prime number?
False
Is 97073 composite?
False
Is 242111 a prime number?
False
Is 23849 composite?
True
Is 70753 composite?
False
Is 96905 prime?
False
Is 2785 composite?
True
Is 908353 a prime number?
True
Is 164563 a prime number?
False
Is 6947 a prime number?
True
Is 185203 a composite number?
True
Is 436127 composite?
False
Is 21211 composite?
False
Is 9599 prime?
False
Is 213349 composite?
False
Is 87293 composite?
False
Is 166391 a composite number?
True
Is 249607 a composite number?
False
Is 91507 a composite number?
True
Is 574898 prime?
False
Is 331257 a composite number?
True
Is 961567 a prime number?
True
Is 2237 composite?
False
Is 242729 a composite number?
False
Is 36187 composite?
False
Is 300227 composite?
True
Is 8222 composite?
True
Is 1051499 a prime number?
True
Is 398881 composite?
True
Is 12091 a prime number?
False
Is 66697 a prime number?
True
Is 16343 composite?
True
Is 439339 prime?
True
Is 96803 composite?
True
Is 55015 a composite number?
True
Is 59951 prime?
True
Is 534895 prime?
False
Is 446081 a prime number?
True
Is 581 prime?
False
Is 1370339 composite?
True
Is 17657 prime?
True
Is 2251 a composite number?
False
Is 21923 a composite number?
True
Is 9233 a composite number?
True
Is 31361 a prime number?
False
Is 1574 a prime number?
False
Is 33433 prime?
False
Is 91753 composite?
False
Is 43669 prime?
True
Is 672977 composite?
False
Is 27773 prime?
True
Is 8941 composite?
False
Is 93383 prime?
True
Is 34871 composite?
False
Is 34421 prime?
True
Is 70043 a prime number?
False
Is 30161 composite?
False
Is 104459 prime?
True
Is 25439 a composite number?
False
Is 710293 a composite number?
False
Is 213587 prime?
False
Is 37717 a prime number?
True
Is 20849 prime?
True
Is 180993 composite?
True
Is 125093 prime?
True
Is 1008437 prime?
True
Is 741601 a composite number?
True
Is 53857 prime?
True
Is 42059 a prime number?
False
Is 340103 a prime number?
True
Is 599855 composite?
True
Is 106103 a composite number?
False
Is 65371 a prime number?
True
Is 459226 composite?
True
Is 1156345 prime?
False
Is 727933 a prime number?
True
Is 502141 prime?
True
Is 237 composite?
True
Is 13291 a composite number?
False
Is 737377 a composite number?
True
Is 36739 a prime number?
True
Is 6743 composite?
True
Is 125231 prime?
True
Is 184253 a prime number?
False
Is 2101 prime?
False
Is 945203 composite?
True
Is 26083 composite?
False
Is 33287 a composite number?
False
Is 378041 composite?
False
Is 3407 a composite number?
False
Is 17417 a prime number?
True
Is 884149 a prime number?
False
Is 510803 prime?
True
Is 244547 a prime number?
True
Is 15031 a composite number?
False
Is 1003817 composite?
False
Is 32366 composite?
True
Is 69949 a composite number?
True
Is 502643 a prime number?
True
Is 36973 a composite number?
False
Is 107551 a prime number?
False
Is 19997 a composite number?
False
Is 77893 composite?
False
Is 10391 prime?
True
Is 154459 composite?
False
Is 355643 a prime number?
True
Is 152983 composite?
True
Is 2909839 composite?
True
Is 7639 a composite number?
False
Is 1167745 a composite number?
True
Is 198545 a composite number?
True
Is 13385 a composite number?
True
Is 886 composite?
True
Is 7615 a prime number?
False
Is 893587 a prime number?
False
Is 931691 a prime number?
True
Is 7709 prime?
False
Is 1093943 a prime number?
True
Is 157349 composite?
False
Is 3011 composite?
False
Is 12929 composite?
True
Is 495851 composite?
False
Is 41579 composite?
False
Is 1758347 prime?
True
Is 4897 a composite number?
True
Is 78427 composite?
False
Is 48299 prime?
True
Is 196643 a prime number?
True
Is 218279 a prime number?
True
Is 313499 composite?
True
Is 75503 prime?
True
Is 218261 a composite number?
True
Is 3301831 a composite number?
True
Is 750055 a prime number?
False
Is 990341 prime?
False
Is 46381 a composite number?
False
Is 318778 a prime number?
False
Is 1361 prime?
True
Is 280409 a composite number?
False
Is 493 prime?
False
Is 879973 prime?
True
Is 167557 composite?
True
Is 163801 a prime number?
False
Is 41343 a composite number?
True
Is 31441 prime?
False
Is 22501 composite?
False
Is 2570693 a composite number?
False
Is 865453 a composite number?
True
Is 36989 composite?
True
Is 31279 composite?
True
Is 515041 prime?
True
Is 65479 composite?
False
Is 1546 prime?
False
Is 227719 a prime number?
True
Is 54029 a prime number?
False
Is 48647 composite?
False
Is 6373 a prime number?
True
Is 202017 composite?
True
Is 82057 prime?
False
Is 4811 composite?
True
Is 202261 composite?
True
Is 13751 a prime number?
True
Is 13033 composite?
False
Is 22937 composite?
False
Is 9031 prime?
False
Is 713333 prime?
False
Is 3837 composite?
True
Is 31421 composite?
True
Is 61853 composite?
True
Is 226451 a composite number?
False
Is 76771 prime?
True
Is 57943 a prime number?
True
Is 614191 a composite number?
True
Is 7817 a prime number?
True
Is 774337 a prime number?
True
Is 54893 composite?
True
Is 174869 composite?
True
Is 132407 prime?
False
Is 556463 a prime number?
False
Is 39383 a prime number?
True
Is 3037 prime?
True
Is 2843 prime?
True
Is 39181 a composite number?
False
Is 196991 a prime number?
True
Is 220231 composite?
True
Is 1261 prime?
False
Is 46609 a composite number?
True
Is 525241 prime?
True
Is 21179 composite?
False
Is 13901 prime?
True
Is 13027 composite?
True
Is 31859 composite?
False
Is 8083 a prime number?
False
Is 356363 composite?
True
Is 4511 prime?
False
Is 3491 a composite number?
False
Is 2167 composite?
True
Is 877 a composite number?
False
Is 10967 composite?
True
Is 78851 composite?
True
Is 122387 a prime number?
True
Is 132989 a prime number?
True
Is 6679 composite?
False
Is 432359 a composite number?
False
Is 333067 a prime number?
False
Is 248621 a prime number?
True
Is 36353 composite?
False
Is 2137391 prime?
True
Is 28837 a prime number?
True
Is 8251 composite?
True
Is 285878 composite?
True
Is 6469 a composite number?
False
Is 11287 prime?
True
Is 1541 prime?
False
Is 1048759 a composite number?
False
Is 7187 composite?
False
Is 831911 a prime number?
True
Is 4241 composite?
False
Is 49355 prime?
False
Is 47777 composite?
False
Is 42599 a composite number?
True
Is 293921 composite?
True
Is 1568771 composite?
False
Is 519677 a prime number?
False
Is 1250407 a composite number?
False
Is 8803 a composite number?
False
Is 49193 a composite number?
False
Is 629 prime?
False
Is 3090181 a prime number?
True
Is 1259 composite?
False
Is 11623 a prime number?
False
Is 50449 a composite number?
True
Is 6865 a prime number?
False
Is 2099 a composite number?
False
Is 1650073 a composite number?
True
Is 188891 prime?
True
Is 45983 composite?
True
Is 1259 a composite number?
False
Is 6433 composite?
True
Is 1195 a composite number?
True
Is 1077377 a prime number?
False
Is 313909 composite?
False
Is 132697 a composite number?
False
Is 279779 a composite number?
False
Is 11267 composite?
True
Is 12013 a prime number?
False
Is 427171 composite?
True
Is 66455 composite?
True
Is 43729 composite?
True
Is 6541 a composite number?
True
Is 25001 composite?
True
Is 87979 composite?
True
Is 8542 composite?
True
Is 847009 a composite number?
False
Is 8989 composite?
True
Is 2785 prime?
False
Is 494783 a composite number?
False
Is 1023553 a composite number?
True
Is 269513 composite?
False
Is 2194303 a prime number?
False
Is 1398197 prime?
True
Is 770837 prime?
True
Is 563 prime?
True
Is 46091 prime?
True
Is 154138 a composite number?
True
Is 184373 a prime number?
False
Is 1431253 composite?
False
Is 40231 a prime number?
True
Is 194647 a composite number?
False
Is 182953 a prime number?
True
Is 6502423 a composite number?
False
Is 40577 prime?
True
Is 479 prime?
True
Is 21257 composite?
True
Is 702331 a composite number?
True
Is 1500563 prime?
False
Is 5981 a composite number?
False
Is 705037 prime?
False
Is 5226